{"id":54,"date":"2025-06-15T20:31:09","date_gmt":"2025-06-15T18:31:09","guid":{"rendered":"https:\/\/drehleier-werries.de\/fr\/?page_id=54"},"modified":"2025-07-06T20:17:44","modified_gmt":"2025-07-06T18:17:44","slug":"e-viella","status":"publish","type":"page","link":"https:\/\/drehleier-werries.de\/fr\/e-viella\/","title":{"rendered":"E-Viga"},"content":{"rendered":"\n<h2 class=\"wp-block-heading\">Vielle \u00e0 roue amplifi\u00e9e \u00e9lectriquement<\/h2>\n\n\n\n<p>Pour une utilisation sur sc\u00e8ne et en bo\u00eete de nuit, mais aussi \u00e0 la maison, afin de m\u00e9nager les voisins exasp\u00e9r\u00e9s \ud83d\ude09<\/p>\n\n\n\n<figure class=\"wp-block-image size-large is-resized\"><img loading=\"lazy\" decoding=\"async\" width=\"1024\" height=\"683\" src=\"https:\/\/drehleier-werries.de\/fr\/wp-content\/uploads\/sites\/3\/2025\/06\/elektra9-1024x683.jpg\" alt=\"E-Viella\" class=\"wp-image-51\" style=\"width:650px\" srcset=\"https:\/\/drehleier-werries.de\/fr\/wp-content\/uploads\/sites\/3\/2025\/06\/elektra9-1024x683.jpg 1024w, https:\/\/drehleier-werries.de\/fr\/wp-content\/uploads\/sites\/3\/2025\/06\/elektra9-300x200.jpg 300w, https:\/\/drehleier-werries.de\/fr\/wp-content\/uploads\/sites\/3\/2025\/06\/elektra9-768x512.jpg 768w, https:\/\/drehleier-werries.de\/fr\/wp-content\/uploads\/sites\/3\/2025\/06\/elektra9-1536x1024.jpg 1536w, https:\/\/drehleier-werries.de\/fr\/wp-content\/uploads\/sites\/3\/2025\/06\/elektra9-2048x1365.jpg 2048w\" sizes=\"auto, (max-width: 1024px) 100vw, 1024px\" \/><\/figure>\n\n\n\n<h3 class=\"wp-block-heading\"><strong><strong>\u00c9quipement<\/strong><\/strong><\/h3>\n\n\n\n<p>+ 2 chanterelles<br>+ 2 trompette<br>+ 2 bourdon<br>+ le chevalet des chanterelles est r\u00e9glable en hauteur<br>+ m\u00e9caniques modernes<br>+ raccordement pour ceinture \u00e0 deux ou trois points (au choix avec Security Lock)<\/p>\n\n\n\n<h4 class=\"wp-block-heading\">+ amplification \u00e9lectrique puissante<\/h4>\n\n\n\n<p>Chaque groupe de cordes (cordes m\u00e9lodiques, cordes de bourdon, cordes de ronflement) dispose de son propre capteur pi\u00e9zo\u00e9lectrique, qui peut \u00eatre r\u00e9gl\u00e9 s\u00e9par\u00e9ment.<\/p>\n\n\n\n<p>Les cordes m\u00e9lodiques sont \u00e9galement capt\u00e9es par un micro \u00e9lectromagn\u00e9tique.<\/p>\n\n\n\n<p>La s\u00e9lection des diff\u00e9rents micros s&rsquo;effectue \u00e0 l&rsquo;aide d&rsquo;un commutateur \u00e0 3 positions (1. pi\u00e9zo uniquement, 2. micro \u00e9lectromagn\u00e9tique uniquement, 3. pi\u00e9zo et micro \u00e9lectromagn\u00e9tique ensemble).<\/p>\n\n\n\n<p>Chaque micro dispose de sa propre sortie jack 6,35 mm.<\/p>\n\n\n\n<h3 class=\"wp-block-heading\">Caract\u00e9ristiques<\/h3>\n\n\n\n<p>+ 3 chanterelles (sol, sol, r\u00e9)<br>+ Capodastre, trompette et bordun<br>Gr\u00e2ce \u00e0 ses 3 chanterelles et ses 2 capodastres, il est possible de jouer dans un accordage sol\/do et r\u00e9\/sol sans avoir \u00e0 r\u00e9accorder l&rsquo;instrument.<br>+ Peinture de couleur (rouge, vert, bleu)<\/p>\n","protected":false},"excerpt":{"rendered":"<p>Vielle \u00e0 roue amplifi\u00e9e \u00e9lectriquement Pour une utilisation sur sc\u00e8ne et en bo\u00eete de nuit, mais aussi \u00e0 la maison, afin de m\u00e9nager les voisins exasp\u00e9r\u00e9s \ud83d\ude09 \u00c9quipement + 2 chanterelles+ 2 trompette+ 2 bourdon+ le chevalet des chanterelles est r\u00e9glable en hauteur+ m\u00e9caniques modernes+ raccordement pour ceinture \u00e0 deux ou trois points (au choix [&hellip;]<\/p>\n","protected":false},"author":1,"featured_media":0,"parent":0,"menu_order":0,"comment_status":"closed","ping_status":"closed","template":"","meta":{"footnotes":""},"class_list":["post-54","page","type-page","status-publish","hentry"],"blocksy_meta":{"page_structure_type":"type-3","styles_descriptor":{"styles":{"desktop":"","tablet":"","mobile":""},"google_fonts":[],"version":6}},"yoast_head":"<!-- This site is optimized with the Yoast SEO plugin v25.5 - https:\/\/yoast.com\/wordpress\/plugins\/seo\/ -->\n<title>E-Viga - Vielle \u00e0 roue de Werries<\/title>\n<meta name=\"robots\" content=\"index, follow, max-snippet:-1, max-image-preview:large, max-video-preview:-1\" \/>\n<link rel=\"canonical\" href=\"https:\/\/drehleier-werries.de\/fr\/e-viella\/\" \/>\n<meta property=\"og:locale\" content=\"fr_FR\" \/>\n<meta property=\"og:type\" content=\"article\" \/>\n<meta property=\"og:title\" content=\"E-Viga - Vielle \u00e0 roue de Werries\" \/>\n<meta property=\"og:description\" content=\"Vielle \u00e0 roue amplifi\u00e9e \u00e9lectriquement Pour une utilisation sur sc\u00e8ne et en bo\u00eete de nuit, mais aussi \u00e0 la maison, afin de m\u00e9nager les voisins exasp\u00e9r\u00e9s \ud83d\ude09 \u00c9quipement + 2 chanterelles+ 2 trompette+ 2 bourdon+ le chevalet des chanterelles est r\u00e9glable en hauteur+ m\u00e9caniques modernes+ raccordement pour ceinture \u00e0 deux ou trois points (au choix [&hellip;]\" \/>\n<meta property=\"og:url\" content=\"https:\/\/drehleier-werries.de\/fr\/e-viella\/\" \/>\n<meta property=\"og:site_name\" content=\"Vielle \u00e0 roue de Werries\" \/>\n<meta property=\"article:modified_time\" content=\"2025-07-06T18:17:44+00:00\" \/>\n<meta name=\"twitter:card\" content=\"summary_large_image\" \/>\n<meta name=\"twitter:label1\" content=\"Dur\u00e9e de lecture estim\u00e9e\" \/>\n\t<meta name=\"twitter:data1\" content=\"2 minutes\" \/>\n<script type=\"application\/ld+json\" class=\"yoast-schema-graph\">{\"@context\":\"https:\/\/schema.org\",\"@graph\":[{\"@type\":\"WebPage\",\"@id\":\"https:\/\/drehleier-werries.de\/fr\/e-viella\/\",\"url\":\"https:\/\/drehleier-werries.de\/fr\/e-viella\/\",\"name\":\"E-Viga - Vielle \u00e0 roue de Werries\",\"isPartOf\":{\"@id\":\"https:\/\/drehleier-werries.de\/fr\/#website\"},\"primaryImageOfPage\":{\"@id\":\"https:\/\/drehleier-werries.de\/fr\/e-viella\/#primaryimage\"},\"image\":{\"@id\":\"https:\/\/drehleier-werries.de\/fr\/e-viella\/#primaryimage\"},\"thumbnailUrl\":\"https:\/\/drehleier-werries.de\/fr\/wp-content\/uploads\/sites\/3\/2025\/06\/elektra9-1024x683.jpg\",\"datePublished\":\"2025-06-15T18:31:09+00:00\",\"dateModified\":\"2025-07-06T18:17:44+00:00\",\"breadcrumb\":{\"@id\":\"https:\/\/drehleier-werries.de\/fr\/e-viella\/#breadcrumb\"},\"inLanguage\":\"fr-FR\",\"potentialAction\":[{\"@type\":\"ReadAction\",\"target\":[\"https:\/\/drehleier-werries.de\/fr\/e-viella\/\"]}]},{\"@type\":\"ImageObject\",\"inLanguage\":\"fr-FR\",\"@id\":\"https:\/\/drehleier-werries.de\/fr\/e-viella\/#primaryimage\",\"url\":\"https:\/\/drehleier-werries.de\/fr\/wp-content\/uploads\/sites\/3\/2025\/06\/elektra9-scaled.avif\",\"contentUrl\":\"https:\/\/drehleier-werries.de\/fr\/wp-content\/uploads\/sites\/3\/2025\/06\/elektra9-scaled.avif\",\"width\":2560,\"height\":1707,\"caption\":\"E-Viella\"},{\"@type\":\"BreadcrumbList\",\"@id\":\"https:\/\/drehleier-werries.de\/fr\/e-viella\/#breadcrumb\",\"itemListElement\":[{\"@type\":\"ListItem\",\"position\":1,\"name\":\"Startseite\",\"item\":\"https:\/\/drehleier-werries.de\/fr\/\"},{\"@type\":\"ListItem\",\"position\":2,\"name\":\"E-Viga\"}]},{\"@type\":\"WebSite\",\"@id\":\"https:\/\/drehleier-werries.de\/fr\/#website\",\"url\":\"https:\/\/drehleier-werries.de\/fr\/\",\"name\":\"Vielle \u00e0 roue de Werries\",\"description\":\"Atelier vielles \u00e0 roue Werries\",\"publisher\":{\"@id\":\"https:\/\/drehleier-werries.de\/fr\/#organization\"},\"potentialAction\":[{\"@type\":\"SearchAction\",\"target\":{\"@type\":\"EntryPoint\",\"urlTemplate\":\"https:\/\/drehleier-werries.de\/fr\/?s={search_term_string}\"},\"query-input\":{\"@type\":\"PropertyValueSpecification\",\"valueRequired\":true,\"valueName\":\"search_term_string\"}}],\"inLanguage\":\"fr-FR\"},{\"@type\":\"Organization\",\"@id\":\"https:\/\/drehleier-werries.de\/fr\/#organization\",\"name\":\"Vielle \u00e0 roue de Werries\",\"url\":\"https:\/\/drehleier-werries.de\/fr\/\",\"logo\":{\"@type\":\"ImageObject\",\"inLanguage\":\"fr-FR\",\"@id\":\"https:\/\/drehleier-werries.de\/fr\/#\/schema\/logo\/image\/\",\"url\":\"https:\/\/drehleier-werries.de\/fr\/wp-content\/uploads\/sites\/3\/2025\/07\/Logo-Drehleierwerkstatt-Werries-ohne-Hintergrund.png\",\"contentUrl\":\"https:\/\/drehleier-werries.de\/fr\/wp-content\/uploads\/sites\/3\/2025\/07\/Logo-Drehleierwerkstatt-Werries-ohne-Hintergrund.png\",\"width\":1024,\"height\":592,\"caption\":\"Vielle \u00e0 roue de Werries\"},\"image\":{\"@id\":\"https:\/\/drehleier-werries.de\/fr\/#\/schema\/logo\/image\/\"}}]}<\/script>\n<!-- \/ Yoast SEO plugin. -->","yoast_head_json":{"title":"E-Viga - Vielle \u00e0 roue de Werries","robots":{"index":"index","follow":"follow","max-snippet":"max-snippet:-1","max-image-preview":"max-image-preview:large","max-video-preview":"max-video-preview:-1"},"canonical":"https:\/\/drehleier-werries.de\/fr\/e-viella\/","og_locale":"fr_FR","og_type":"article","og_title":"E-Viga - Vielle \u00e0 roue de Werries","og_description":"Vielle \u00e0 roue amplifi\u00e9e \u00e9lectriquement Pour une utilisation sur sc\u00e8ne et en bo\u00eete de nuit, mais aussi \u00e0 la maison, afin de m\u00e9nager les voisins exasp\u00e9r\u00e9s \ud83d\ude09 \u00c9quipement + 2 chanterelles+ 2 trompette+ 2 bourdon+ le chevalet des chanterelles est r\u00e9glable en hauteur+ m\u00e9caniques modernes+ raccordement pour ceinture \u00e0 deux ou trois points (au choix [&hellip;]","og_url":"https:\/\/drehleier-werries.de\/fr\/e-viella\/","og_site_name":"Vielle \u00e0 roue de Werries","article_modified_time":"2025-07-06T18:17:44+00:00","twitter_card":"summary_large_image","twitter_misc":{"Dur\u00e9e de lecture estim\u00e9e":"2 minutes"},"schema":{"@context":"https:\/\/schema.org","@graph":[{"@type":"WebPage","@id":"https:\/\/drehleier-werries.de\/fr\/e-viella\/","url":"https:\/\/drehleier-werries.de\/fr\/e-viella\/","name":"E-Viga - Vielle \u00e0 roue de Werries","isPartOf":{"@id":"https:\/\/drehleier-werries.de\/fr\/#website"},"primaryImageOfPage":{"@id":"https:\/\/drehleier-werries.de\/fr\/e-viella\/#primaryimage"},"image":{"@id":"https:\/\/drehleier-werries.de\/fr\/e-viella\/#primaryimage"},"thumbnailUrl":"https:\/\/drehleier-werries.de\/fr\/wp-content\/uploads\/sites\/3\/2025\/06\/elektra9-1024x683.jpg","datePublished":"2025-06-15T18:31:09+00:00","dateModified":"2025-07-06T18:17:44+00:00","breadcrumb":{"@id":"https:\/\/drehleier-werries.de\/fr\/e-viella\/#breadcrumb"},"inLanguage":"fr-FR","potentialAction":[{"@type":"ReadAction","target":["https:\/\/drehleier-werries.de\/fr\/e-viella\/"]}]},{"@type":"ImageObject","inLanguage":"fr-FR","@id":"https:\/\/drehleier-werries.de\/fr\/e-viella\/#primaryimage","url":"https:\/\/drehleier-werries.de\/fr\/wp-content\/uploads\/sites\/3\/2025\/06\/elektra9-scaled.avif","contentUrl":"https:\/\/drehleier-werries.de\/fr\/wp-content\/uploads\/sites\/3\/2025\/06\/elektra9-scaled.avif","width":2560,"height":1707,"caption":"E-Viella"},{"@type":"BreadcrumbList","@id":"https:\/\/drehleier-werries.de\/fr\/e-viella\/#breadcrumb","itemListElement":[{"@type":"ListItem","position":1,"name":"Startseite","item":"https:\/\/drehleier-werries.de\/fr\/"},{"@type":"ListItem","position":2,"name":"E-Viga"}]},{"@type":"WebSite","@id":"https:\/\/drehleier-werries.de\/fr\/#website","url":"https:\/\/drehleier-werries.de\/fr\/","name":"Vielle \u00e0 roue de Werries","description":"Atelier vielles \u00e0 roue Werries","publisher":{"@id":"https:\/\/drehleier-werries.de\/fr\/#organization"},"potentialAction":[{"@type":"SearchAction","target":{"@type":"EntryPoint","urlTemplate":"https:\/\/drehleier-werries.de\/fr\/?s={search_term_string}"},"query-input":{"@type":"PropertyValueSpecification","valueRequired":true,"valueName":"search_term_string"}}],"inLanguage":"fr-FR"},{"@type":"Organization","@id":"https:\/\/drehleier-werries.de\/fr\/#organization","name":"Vielle \u00e0 roue de Werries","url":"https:\/\/drehleier-werries.de\/fr\/","logo":{"@type":"ImageObject","inLanguage":"fr-FR","@id":"https:\/\/drehleier-werries.de\/fr\/#\/schema\/logo\/image\/","url":"https:\/\/drehleier-werries.de\/fr\/wp-content\/uploads\/sites\/3\/2025\/07\/Logo-Drehleierwerkstatt-Werries-ohne-Hintergrund.png","contentUrl":"https:\/\/drehleier-werries.de\/fr\/wp-content\/uploads\/sites\/3\/2025\/07\/Logo-Drehleierwerkstatt-Werries-ohne-Hintergrund.png","width":1024,"height":592,"caption":"Vielle \u00e0 roue de Werries"},"image":{"@id":"https:\/\/drehleier-werries.de\/fr\/#\/schema\/logo\/image\/"}}]}},"_links":{"self":[{"href":"https:\/\/drehleier-werries.de\/fr\/wp-json\/wp\/v2\/pages\/54","targetHints":{"allow":["GET"]}}],"collection":[{"href":"https:\/\/drehleier-werries.de\/fr\/wp-json\/wp\/v2\/pages"}],"about":[{"href":"https:\/\/drehleier-werries.de\/fr\/wp-json\/wp\/v2\/types\/page"}],"author":[{"embeddable":true,"href":"https:\/\/drehleier-werries.de\/fr\/wp-json\/wp\/v2\/users\/1"}],"replies":[{"embeddable":true,"href":"https:\/\/drehleier-werries.de\/fr\/wp-json\/wp\/v2\/comments?post=54"}],"version-history":[{"count":7,"href":"https:\/\/drehleier-werries.de\/fr\/wp-json\/wp\/v2\/pages\/54\/revisions"}],"predecessor-version":[{"id":97,"href":"https:\/\/drehleier-werries.de\/fr\/wp-json\/wp\/v2\/pages\/54\/revisions\/97"}],"wp:attachment":[{"href":"https:\/\/drehleier-werries.de\/fr\/wp-json\/wp\/v2\/media?parent=54"}],"curies":[{"name":"wp","href":"https:\/\/api.w.org\/{rel}","templated":true}]}}

<h2 class="wp-block-heading">Vielle à roue amplifiée électriquement</h2>



<p>Pour une utilisation sur scène et en boîte de nuit, mais aussi à la maison, afin de ménager les voisins exaspérés 😉</p>



<figure class="wp-block-image size-large is-resized"><img loading="lazy" decoding="async" width="1024" height="683" src="https://drehleier-werries.de/fr/wp-content/uploads/sites/3/2025/06/elektra9-1024x683.jpg" alt="E-Viella" class="wp-image-51" style="width:650px" srcset="https://drehleier-werries.de/fr/wp-content/uploads/sites/3/2025/06/elektra9-1024x683.jpg 1024w, https://drehleier-werries.de/fr/wp-content/uploads/sites/3/2025/06/elektra9-300x200.jpg 300w, https://drehleier-werries.de/fr/wp-content/uploads/sites/3/2025/06/elektra9-768x512.jpg 768w, https://drehleier-werries.de/fr/wp-content/uploads/sites/3/2025/06/elektra9-1536x1024.jpg 1536w, https://drehleier-werries.de/fr/wp-content/uploads/sites/3/2025/06/elektra9-2048x1365.jpg 2048w" sizes="auto, (max-width: 1024px) 100vw, 1024px" /></figure>



<h3 class="wp-block-heading"><strong><strong>Équipement</strong></strong></h3>



<p>+ 2 chanterelles<br>+ 2 trompette<br>+ 2 bourdon<br>+ le chevalet des chanterelles est réglable en hauteur<br>+ mécaniques modernes<br>+ raccordement pour ceinture à deux ou trois points (au choix avec Security Lock)</p>



<h4 class="wp-block-heading">+ amplification électrique puissante</h4>



<p>Chaque groupe de cordes (cordes mélodiques, cordes de bourdon, cordes de ronflement) dispose de son propre capteur piézoélectrique, qui peut être réglé séparément.</p>



<p>Les cordes mélodiques sont également captées par un micro électromagnétique.</p>



<p>La sélection des différents micros s&rsquo;effectue à l&rsquo;aide d&rsquo;un commutateur à 3 positions (1. piézo uniquement, 2. micro électromagnétique uniquement, 3. piézo et micro électromagnétique ensemble).</p>



<p>Chaque micro dispose de sa propre sortie jack 6,35 mm.</p>



<h3 class="wp-block-heading">Caractéristiques</h3>



<p>+ 3 chanterelles (sol, sol, ré)<br>+ Capodastre, trompette et bordun<br>Grâce à ses 3 chanterelles et ses 2 capodastres, il est possible de jouer dans un accordage sol/do et ré/sol sans avoir à réaccorder l&rsquo;instrument.<br>+ Peinture de couleur (rouge, vert, bleu)</p>

<p>Vielle à roue amplifiée électriquement Pour une utilisation sur scène et en boîte de nuit, mais aussi à la maison, afin de ménager les voisins exaspérés 😉 Équipement + 2 chanterelles+ 2 trompette+ 2 bourdon+ le chevalet des chanterelles est réglable en hauteur+ mécaniques modernes+ raccordement pour ceinture à deux ou trois points (au choix [&hellip;]</p>

<!-- This site is optimized with the Yoast SEO plugin v25.5 - https://yoast.com/wordpress/plugins/seo/ -->
<title>E-Viga - Vielle à roue de Werries</title>
<meta name="robots" content="index, follow, max-snippet:-1, max-image-preview:large, max-video-preview:-1" />
<link rel="canonical" href="https://drehleier-werries.de/fr/e-viella/" />
<meta property="og:locale" content="fr_FR" />
<meta property="og:type" content="article" />
<meta property="og:title" content="E-Viga - Vielle à roue de Werries" />
<meta property="og:description" content="Vielle à roue amplifiée électriquement Pour une utilisation sur scène et en boîte de nuit, mais aussi à la maison, afin de ménager les voisins exaspérés 😉 Équipement + 2 chanterelles+ 2 trompette+ 2 bourdon+ le chevalet des chanterelles est réglable en hauteur+ mécaniques modernes+ raccordement pour ceinture à deux ou trois points (au choix [&hellip;]" />
<meta property="og:url" content="https://drehleier-werries.de/fr/e-viella/" />
<meta property="og:site_name" content="Vielle à roue de Werries" />
<meta property="article:modified_time" content="2025-07-06T18:17:44+00:00" />
<meta name="twitter:card" content="summary_large_image" />
<meta name="twitter:label1" content="Durée de lecture estimée" />
	<meta name="twitter:data1" content="2 minutes" />
<script type="application/ld+json" class="yoast-schema-graph">{"@context":"https://schema.org","@graph":[{"@type":"WebPage","@id":"https://drehleier-werries.de/fr/e-viella/","url":"https://drehleier-werries.de/fr/e-viella/","name":"E-Viga - Vielle à roue de Werries","isPartOf":{"@id":"https://drehleier-werries.de/fr/#website"},"primaryImageOfPage":{"@id":"https://drehleier-werries.de/fr/e-viella/#primaryimage"},"image":{"@id":"https://drehleier-werries.de/fr/e-viella/#primaryimage"},"thumbnailUrl":"https://drehleier-werries.de/fr/wp-content/uploads/sites/3/2025/06/elektra9-1024x683.jpg","datePublished":"2025-06-15T18:31:09+00:00","dateModified":"2025-07-06T18:17:44+00:00","breadcrumb":{"@id":"https://drehleier-werries.de/fr/e-viella/#breadcrumb"},"inLanguage":"fr-FR","potentialAction":[{"@type":"ReadAction","target":["https://drehleier-werries.de/fr/e-viella/"]}]},{"@type":"ImageObject","inLanguage":"fr-FR","@id":"https://drehleier-werries.de/fr/e-viella/#primaryimage","url":"https://drehleier-werries.de/fr/wp-content/uploads/sites/3/2025/06/elektra9-scaled.avif","contentUrl":"https://drehleier-werries.de/fr/wp-content/uploads/sites/3/2025/06/elektra9-scaled.avif","width":2560,"height":1707,"caption":"E-Viella"},{"@type":"BreadcrumbList","@id":"https://drehleier-werries.de/fr/e-viella/#breadcrumb","itemListElement":[{"@type":"ListItem","position":1,"name":"Startseite","item":"https://drehleier-werries.de/fr/"},{"@type":"ListItem","position":2,"name":"E-Viga"}]},{"@type":"WebSite","@id":"https://drehleier-werries.de/fr/#website","url":"https://drehleier-werries.de/fr/","name":"Vielle à roue de Werries","description":"Atelier vielles à roue Werries","publisher":{"@id":"https://drehleier-werries.de/fr/#organization"},"potentialAction":[{"@type":"SearchAction","target":{"@type":"EntryPoint","urlTemplate":"https://drehleier-werries.de/fr/?s={search_term_string}"},"query-input":{"@type":"PropertyValueSpecification","valueRequired":true,"valueName":"search_term_string"}}],"inLanguage":"fr-FR"},{"@type":"Organization","@id":"https://drehleier-werries.de/fr/#organization","name":"Vielle à roue de Werries","url":"https://drehleier-werries.de/fr/","logo":{"@type":"ImageObject","inLanguage":"fr-FR","@id":"https://drehleier-werries.de/fr/#/schema/logo/image/","url":"https://drehleier-werries.de/fr/wp-content/uploads/sites/3/2025/07/Logo-Drehleierwerkstatt-Werries-ohne-Hintergrund.png","contentUrl":"https://drehleier-werries.de/fr/wp-content/uploads/sites/3/2025/07/Logo-Drehleierwerkstatt-Werries-ohne-Hintergrund.png","width":1024,"height":592,"caption":"Vielle à roue de Werries"},"image":{"@id":"https://drehleier-werries.de/fr/#/schema/logo/image/"}}]}</script>
<!-- / Yoast SEO plugin. -->

E-Viga - Vielle à roue de Werries

Vielle à roue amplifiée électriquement Pour une utilisation sur scène et en boîte de nuit, mais aussi à la maison, afin de ménager les voisins exaspérés 😉 Équipement + 2 chanterelles+ 2 trompette+ 2 bourdon+ le chevalet des chanterelles est réglable en hauteur+ mécaniques modernes+ raccordement pour ceinture à deux ou trois points (au choix [&hellip;]

Vielle à roue de Werries

Atelier vielles à roue Werries
